82.
2
Calculate the greatest common factor of 391 and 51.
17
What is the highest common divisor of 32 and 18784?
32
What is the greatest common factor of 66 and 30?
6
Calculate the highest common divisor of 8739 and 9.
9
What is the highest common factor of 153 and 2907?
153
What is the highest common divisor of 104 and 13?
13
Calculate the highest common divisor of 1824 and 1056.
96
What is the highest common divisor of 602 and 516?
86
Calculate the greatest common divisor of 174 and 8.
2
Calculate the highest common factor of 55 and 3795.
55
What is the highest common divisor of 265 and 31800?
265
What is the highest common divisor of 946 and 176?
22
Calculate the highest common factor of 3472 and 336.
112
What is the highest common factor of 320 and 100?
20
What is the highest common factor of 1200 and 12?
12
What is the greatest common factor of 25 and 50?
25
Calculate the greatest common divisor of 12390 and 59.
59
What is the greatest common divisor of 198 and 477?
9
Calculate the greatest common divisor of 5236 and 22.
22
Calculate the highest common factor of 48 and 128.
16
What is the greatest common divisor of 62 and 93?
31
What is the highest common factor of 519 and 12629?
173
Calculate the highest common factor of 329 and 273.
7
What is the highest common factor of 352 and 256?
32
Calculate the highest common divisor of 28 and 154.
14
Calculate the greatest common factor of 33 and 176.
11
Calculate the greatest common divisor of 707 and 2525.
101
What is the highest common factor of 544 and 2788?
68
What is the greatest common factor of 111 and 296?
37
Calculate the highest common factor of 224 and 364.
28
What is the greatest common factor of 48 and 426?
6
What is the greatest common factor of 279 and 403?
31
What is the highest common factor of 46 and 207?
23
Calculate the highest common divisor of 26 and 1.
1
What is the highest common divisor of 34 and 850?
34
Calculate the greatest common factor of 1435 and 1540.
35
What is the greatest common divisor of 1178 and 31?
31
What is the greatest common factor of 595 and 315?
35
Calculate the highest common factor of 291 and 23571.
291
What is the highest common divisor of 1 and 2355?
1
Calculate the greatest common divisor of 595 and 1309.
119
Calculate the highest common factor of 1589 and 49.
7
What is the highest common divisor of 55274 and 116?
58
Calculate the highest common factor of 20 and 105.
5
What is the greatest common divisor of 567 and 15687?
189
What is the greatest common divisor of 707 and 1919?
101
What is the greatest common factor of 3 and 2067?
3
Calculate the greatest common divisor of 124 and 12.
4
What is the highest common divisor of 6 and 6294?
6
What is the greatest common divisor of 3 and 23?
1
What is the greatest common divisor of 98 and 1134?
14
Calculate the greatest common divisor of 273 and 78.
39
What is the highest common divisor of 1376 and 18?
2
What is the greatest common factor of 231 and 4224?
33
Calculate the greatest common divisor of 6 and 8538.
6
Calculate the highest common factor of 551 and 19.
19
What is the greatest common factor of 26 and 104?
26
Calculate the highest common divisor of 517 and 141.
47
What is the highest common divisor of 1030 and 309?
103
Calculate the highest common divisor of 33 and 616.
11
What is the highest common divisor of 342 and 13034?
38
What is the greatest common divisor of 1025 and 287?
41
Calculate the highest common factor of 123 and 3.
3
Calculate the greatest common divisor of 4 and 38.
2
What is the greatest common divisor of 10 and 30?
10
Calculate the highest common divisor of 25 and 20.
5
Calculate the highest common factor of 11464 and 16.
8
What is the greatest common factor of 14 and 245?
7
Calculate the greatest common factor of 42 and 1722.
42
What is the highest common factor of 133 and 6251?
133
Calculate the highest common divisor of 1273 and 19.
19
Calculate the highest common divisor of 7843 and 62.
31
What is the highest common factor of 54 and 198?
18
What is the greatest common divisor of 459 and 1275?
51
What is the highest common divisor of 1 and 103?
1
Calculate the highest common divisor of 94 and 752.
94
What is the greatest common factor of 32 and 3?
1
Calculate the highest common factor of 8400 and 14.
14
What is the highest common factor of 65 and 2205?
5
Calculate the highest common factor of 390 and 143.
13
Calculate the highest common divisor of 10422 and 81.
27
Calculate the highest common divisor of 94 and 752.
94
Calculate the greatest common divisor of 55 and 120285.
55
Calculate the greatest common divisor of 2 and 172.
2
Calculate the highest common divisor of 50 and 3200.
50
Calculate the greatest common factor of 1463 and 77.
77
Calculate the highest common factor of 680 and 1224.
136
What is the greatest common divisor of 447 and 9536?
149
Calculate the highest common factor of 57 and 817.
19
Calculate the greatest common divisor of 78 and 26286.
78
What is the greatest common divisor of 159 and 530?
53
What is the greatest common factor of 34 and 918?
34
What is the greatest common factor of 3135 and 190?
95
Calculate the highest common divisor of 100 and 10150.
50
Calculate the highest common divisor of 16 and 10456.
8
What is the greatest common factor of 204 and 476?
68
Calculate the highest common factor of 60 and 75.
15
Calculate the highest common factor of 504 and 48.
24
What is the greatest common divisor of 11070 and 820?
410
What is the greatest common factor of 1998 and 1554?
222
What is the greatest common factor of 319 and 232?
29
Calculate the greatest common divisor of 2184 and 984.
24
Calculate the highest common factor of 735 and 6.
3
What is the highest common divisor of 12 and 30?
6
Calculate the greatest common divisor of 150 and 3330.
30
What is the highest common divisor of 2480 and 155?
155
Calculate the greatest common divisor of 33960 and 120.
120
Calculate the greatest common factor of 4 and 724.
4
What is the greatest common divisor of 80 and 400?
80
What is the highest common factor of 1312 and 41?
41
What is the highest common divisor of 1271 and 1394?
41
Calculate the highest common factor of 104 and 1976.
104
Calculate the greatest common divisor of 24 and 30.
6
What is the greatest common divisor of 644 and 276?
92
Calculate the highest common factor of 590 and 236.
118
Calculate the highest common factor of 553 and 79.
79
Calculate the greatest common factor of 14 and 427.
7
Calculate the greatest common divisor of 126 and 147.
21
Calculate the greatest common factor of 10 and 40.
10
Calculate the highest common factor of 539 and 7469.
77
What is the highest common factor of 7024 and 16?
16
What is the highest common divisor of 4964 and 1898?
146
Calculate the highest common divisor of 2401 and 49.
49
What is the greatest common divisor of 320 and 28?
4
Calculate the greatest common factor of 951 and 15.
3
Calculate the greatest common divisor of 68 and 12172.
68
Calculate the highest common factor of 14 and 294.
14
What is the highest common factor of 278 and 4?
2
What is the greatest common factor of 54 and 24?
6
What is the highest common factor of 11 and 22?
11
Calculate the greatest common divisor of 290 and 3538.
58
What is the greatest common divisor of 516 and 432?
12
Calculate the greatest common factor of 168 and 231.
21
Calculate the highest common divisor of 64 and 304.
16
Calculate the greatest common factor of 2 and 368.
2
What is the greatest common factor of 88 and 440?
88
What is the highest common factor of 3 and 37?
1
What is the highest common divisor of 35 and 25?
5
Calculate the highest common factor of 141 and 2679.
141
Calculate the greatest common factor of 9531 and 27.
27
What is the highest common divisor of 860 and 20?
20
What is the highest common divisor of 40 and 24?
8
Calculate the highest common factor of 75 and 90.
15
Calculate the greatest common factor of 9452 and 544.
68
What is the greatest common divisor of 57 and 190?
19
Calculate the highest common factor of 372 and 60.
12
What is the highest common divisor of 16 and 1256?
8
What is the highest common divisor of 69 and 21?
3
What is the greatest common factor of 36 and 3648?
12
Calculate the highest common divisor of 688 and 86.
86
